2139539 prime?
True
Is 13620306839 a composite number?
False
Is 1647960403 a composite number?
True
Is 153970123 prime?
False
Is 93355984601 prime?
False
Is 8275776469 a composite number?
False
Is 3415982477 prime?
False
Is 1364845661 prime?
True
Is 6076325509 prime?
True
Is 455595947 a composite number?
False
Is 814607043 a composite number?
True
Is 3261865955 a composite number?
True
Is 454146593 a composite number?
True
Is 2228676773 composite?
False
Is 54906539 prime?
True
Is 3031168963 composite?
False
Is 209684788813 a prime number?
False
Is 1034556337 composite?
True
Is 4586314637 prime?
True
Is 22573625993 a composite number?
True
Is 6110154209 a composite number?
False
Is 28066267585 prime?
False
Is 36141589691 a prime number?
True
Is 9741732523 prime?
True
Is 3798083269 composite?
False
Is 3991561897 prime?
False
Is 16165794137 prime?
False
Is 476093591 a composite number?
True
Is 11185458671 a composite number?
False
Is 24305094953 prime?
False
Is 1005332659 a prime number?
False
Is 11800873397 a prime number?
False
Is 12115065587 a prime number?
True
Is 8906099 a composite number?
True
Is 1880801771 a prime number?
True
Is 21929557037 a prime number?
True
Is 30907134161 a prime number?
True
Is 138606649291 a prime number?
False
Is 14617795529 a prime number?
True
Is 48952848977 prime?
True
Is 1567693993 prime?
False
Is 50243741 a composite number?
False
Is 2776589323 prime?
True
Is 3936905647 prime?
True
Is 21603523861 prime?
True
Is 24460111777 composite?
False
Is 490803843 prime?
False
Is 8079447007 composite?
True
Is 33034471453 prime?
True
Is 7380287822 prime?
False
Is 872942839 prime?
True
Is 2079163083 a composite number?
True
Is 5634919 a composite number?
False
Is 9724273079 a composite number?
True
Is 87182551697 a prime number?
False
Is 22558972461 a composite number?
True
Is 70939224397 a prime number?
True
Is 10553910247 a composite number?
True
Is 49857982091 a prime number?
False
Is 31100095843 prime?
False
Is 13757196455 a prime number?
False
Is 432268729 prime?
False
Is 1031401201 prime?
True
Is 197470543 a prime number?
False
Is 88530131 a composite number?
False
Is 56350306891 composite?
False
Is 563286953 prime?
True
Is 1451934217 composite?
False
Is 21076165931 a composite number?
True
Is 4241258157 composite?
True
Is 12370939757 prime?
False
Is 112128337 a prime number?
False
Is 507401809 prime?
False
Is 2914967879 a prime number?
True
Is 563570821 prime?
False
Is 9274483331 composite?
True
Is 103011988493 a prime number?
True
Is 1012992191 composite?
False
Is 19502639833 prime?
True
Is 753537261 a composite number?
True
Is 19163225227 a composite number?
False
Is 4741713341 a prime number?
True
Is 14468379281 prime?
True
Is 3569292211 a composite number?
False
Is 632647256351 composite?
True
Is 15538861943 prime?
False
Is 743922551 a composite number?
False
Is 2727739229 a prime number?
True
Is 95262806263 prime?
True
Is 361589617 a composite number?
False
Is 3670129459 composite?
False
Is 3517849603 composite?
True
Is 16632188243 prime?
False
Is 4525734359 a prime number?
False
Is 4747631231 a prime number?
False
Is 8330520293 a composite number?
False
Is 7401294787 composite?
True
Is 56621693969 a prime number?
True
Is 18440166827 prime?
False
Is 6109665349 composite?
True
Is 21691843 prime?
True
Is 235056593 a prime number?
False
Is 45550720277 a prime number?
False
Is 76854391 prime?
False
Is 1736049207 prime?
False
Is 8957399567 composite?
True
Is 2643274343 a composite number?
False
Is 5250921401 a composite number?
True
Is 2482235911 prime?
True
Is 9605286861 a composite number?
True
Is 154638149 composite?
False
Is 8217270827 prime?
True
Is 18863696087 prime?
True
Is 196840453 a prime number?
False
Is 1199172601 a composite number?
True
Is 389901139 composite?
True
Is 5325726841 a composite number?
False
Is 641319233 prime?
False
Is 21428074181 prime?
True
Is 8905038713 prime?
True
Is 168114429113 prime?
True
Is 1912433093 a prime number?
True
Is 74237230037 prime?
True
Is 964893931 prime?
False
Is 1234776149 a prime number?
True
Is 171337723 a composite number?
False
Is 39732647453 a prime number?
False
Is 5639246237 a composite number?
True
Is 993622021 composite?
True
Is 269542219517 a prime number?
False
Is 1227457337 a prime number?
True
Is 9310901 a composite number?
False
Is 1887304607 composite?
True
Is 11896010303 prime?
True
Is 68824345223 prime?
True
Is 1817492983 a composite number?
True
Is 24334421951 a prime number?
False
Is 39574417 a prime number?
False
Is 626503307 a composite number?
True
Is 1362228559 a prime number?
True
Is 1567084279 a composite number?
False
Is 159476033339 a prime number?
False
Is 14962731409 composite?
True
Is 54435531481 a composite number?
True
Is 225725021 prime?
True
Is 86249114719 a prime number?
True
Is 7413808081 a composite number?
False
Is 16195683729 a prime number?
False
Is 100988075689 prime?
True
Is 44469421379 a composite number?
False
Is 5985280137 a prime number?
False
Is 1368301567 a prime number?
False
Is 1175297047 composite?
False
Is 1340147239 prime?
True
Is 2044651277 a composite number?
False
Is 52718703091 composite?
True
Is 60774400261 composite?
False
Is 6904474987 composite?
False
Is 6732010423 prime?
True
Is 322705069 a composite number?
True
Is 4786319957 prime?
True
Is 1439619089 composite?
False
Is 76172760941 prime?
False
Is 5479374273 composite?
True
Is 24761471633 a prime number?
True
Is 37905347027 composite?
False
Is 3244288801 a composite number?
True
Is 956658497 prime?
True
Is 223775093 a composite number?
True
Is 1992848509 a prime number?
False
Is 54809197927 prime?
False
Is 162091902353 composite?
True
Is 2440047551 a composite number?
True
Is 1573342289 prime?
True
Is 257012573 prime?
True
Is 96086197 prime?
True
Is 47516771039 prime?
True
Is 22639163 composite?
True
Is 350087903 a prime number?
False
Is 582265919 prime?
True
Is 1511444983 prime?
True
Is 145742759 a prime number?
True
Is 13812472801 prime?
True
Is 55323474109 a prime number?
False
Is 89561051 a composite number?
False
Is 963267313 a composite number?
True
Is 195187861409 prime?
True
Is 29063919551 a composite number?
False
Is 8562046945 composite?
True
Is 192158519 composite?
True
Is 11749815463 a prime number?
True
Is 1016806587 a prime number?
False
Is 54140060713 a composite number?
False
Is 3734842919 a prime number?
True
Is 184390830857 a composite number?
True
Is 2774574007 a prime number?
True
Is 4247187473 a composite number?
False
Is 16855697 prime?
False
Is 1901809243 a prime number?
True
Is 149127359 a prime number?
True
Is 8855789177 prime?
False
Is 276289499 composite?
False
Is 5149258715 prime?
False
Is 5619972617 a prime number?
False
Is 11371899257 a prime number?
True
Is 72134327131 prime?
True
Is 1182613879 composite?
False
Is 529778269 a prime number?
True
Is 1196738513 a prime number?
True
Is 6624953765 prime?
False
Is 900275777 composite?
True
Is 238481941 composite?
True
Is 236652071 a prime number?
True
Is 804088823 a prime number?
False
Is 273062077 composite?
False
Is 3093644623 a prime number?
True
Is 764778197 a prime number?
False
Is 196366892417 prime?
False
Is 924516029 a composite number?
True
Is 3274025215 a prime number?
False
Is 3524109943 composite?
True
Is 198603232481 prime?
True
Is 2692341569 composite?
False
Is 403670959 a composite number?
False
Is 13594569913 a composite number?
False
Is 29973588647 composite?
False
Is 43391785063 prime?
False
Is 677087329 prime?
True
Is 2094675097 composite?
True
Is 1916981153 a prime number?
False
Is 1173705727 composite?
False
Is 4572969033 composite?
True
Is 33227657897 a composite number?
True
Is 7124565631 composite?
False
Is 14155492103 prime?
True
Is 179387101 prime?
False
Is 634882309 composite?
True
Is 2466241279 a composite number?
False
Is 2983433039 prime?
False
Is 290054659 composite?
False
Is 2349628487 a prime number?
False
Is 78197023 composite?
False
Is 16892442947 prime?
False
Is 269335597 prime?
False
Is 26250083 a prime number?
False
Is 6473417647 a composite number?
True
Is 33262344187 a composite number?
True
Is 32276397289 prime?
False
Is 3802773047 composite?
True
Is 25627047023 prime?
True
Is 4803687667 a composite number?
True
Is 6787948003 composi